 20 + 3. Calculate the highest common factor of x and 45.
5
Suppose m + 12 = -5*z - 2*m, -m = z + 4. Suppose z = -7*w + 14*w - 308. What is the greatest common factor of 4 and w?
4
Let x = 174 + -164. Calculate the greatest common divisor of x and 5.
5
Let x = 17 + -17. Suppose x = 5*m - 56 - 44. Calculate the highest common factor of 20 and m.
20
Let k(x) = x - 2*x - x + 28. Let i be k(12). What is the highest common factor of 4 and i?
4
Suppose -3*j + 5*k + 214 = 0, -30*j = -27*j + 5*k - 254. Calculate the greatest common factor of 39 and j.
39
Suppose 0*w - 72 = -6*w. What is the highest common factor of w and 66?
6
Suppose -3*s = -4*f - 5*s + 10, -f + 5*s - 3 = 0. Suppose f*h + d + 0*d = 326, -153 = -h + 2*d. Calculate the highest common divisor of h and 23.
23
Let n = -483 + 635. Calculate the greatest common factor of 684 and n.
76
Suppose 3*t - 14 = 2*t - 5*v, 4*t = v + 14. Calculate the highest common divisor of t and 10.
2
Suppose 0*n + 3 = n. Suppose -2*l = n*l - 360. Suppose -3*z + l = 6. Calculate the highest common divisor of 2 and z.
2
Let m be 3784/12 + -2 - (-8)/(-6). Suppose -5*q + 7 + 113 = 0. Calculate the highest common divisor of m and q.
24
Suppose -2*g = 0, -r + 149 - 44 = -3*g. Suppose 3*i - 22 + 67 = s, -4*s = -i - 169. Calculate the highest common divisor of s and r.
21
Let a(g) = -g**2 - 2*g + 4. Let k be a(0). Suppose -3*q = -3*f + 24, -k*f + 12 = -0*q + q. Calculate the highest common divisor of f and 32.
4
Let u be (12 + -12)/(-14) + (119 - 1). What is the greatest common factor of u and 1534?
118
Let p = -8 - -8. Suppose 4*l - 20 - 60 = p. What is the greatest common divisor of l and 10?
10
Suppose j = -m, 3*j + 43 - 37 = 3*m. What is the greatest common divisor of 37 and m?
1
Suppose -q - 4*c = -156, q - 162 = -27*c + 29*c. What is the highest common factor of q and 20?
20
Let j = -638 + 733. What is the highest common factor of j and 209?
19
Let y be 6/2 + -2 - -14. Suppose -y = a - 6*a. Suppose -a*t - t = -280. Calculate the highest common factor of t and 28.
14
Let r be (8 + 0)*(-274 - -275). Let p = 1 + 11. What is the greatest common factor of p and r?
4
Suppose 104*n + 2772 = 126*n. Calculate the highest common factor of 546 and n.
42
Let p = 580 + -505. What is the greatest common divisor of 75 and p?
75
Suppose 0 = 3*f - 11 + 5. Let s be (20/70)/(f/28). What is the greatest common factor of 16 and s?
4
Suppose t - 5*x + 8 = 0, 3*x = -2*t + 42 - 6. Let r = 133 + -65. Suppose r = 4*l + 4*v, 0*l + 2*v = 4*l - 38. What is the greatest common divisor of l and t?
12
Let t be 230/4 + (-60)/8 + 6. Calculate the greatest common divisor of 140 and t.
28
Let k = 43 - 62. Let a = k - -27. What is the highest common factor of a and 1?
1
Let v be (-1)/2 - (-4)/8. Suppose h + 30 = -v*h. Let z be 108/10*h/(-9). Calculate the highest common divisor of z and 6.
6
Let i(l) = -14*l**3 + 4*l**2 + 2. Let y be i(-3). Suppose 5*w - y = 284. Suppose -v - w = -5*v. What is the highest common divisor of v and 14?
7
Let c = -116 + 216. Calculate the highest common factor of 550 and c.
50
Suppose -z + 10 = -68. Suppose -399 = -2*i - i. Let v = i - z. What is the highest common factor of 22 and v?
11
Let f be 106 + (-10 - 2/4*-8). What is the greatest common factor of 140 and f?
20
Let y = -13 - -18. Let u(c) = 5 + 3*c + 1 - y*c. Let g be u(-12). Calculate the greatest common factor of g and 15.
15
Suppose -3 = 3*m - 3. Suppose 0 = -m*u + 4*u - 576. What is the greatest common divisor of 16 and u?
16
Let f = 85 - 33. Let o(c) = c**3 - 3*c**2 + c - 7. Let t be o(4). What is the greatest common factor of t and f?
13
Suppose -8 = 4*x - 0, -4*z - 2*x = -392. Calculate the greatest common factor of 9 and z.
9
Suppose 648 = 1265*p - 1256*p. Calculate the highest common divisor of p and 18.
18
Let g(q) = 1 + q - 2*q**3 - 6*q + q**3 + 2*q**3 + 7*q**2. Let p be g(-7). Let m = 24 - -30. Calculate the greatest common divisor of m and p.
18
Let x = -28 + 88. Suppose 37 = 3*p + 1. Calculate the highest common divisor of x and p.
12
Let q = -21 - -15. Let z = q + 42. Calculate the highest common divisor of z and 54.
18
Let o(c) = -2*c + 94. Let q be o(-4). Calculate the greatest common factor of q and 6.
6
Let l(s) = s**2 - 23*s + 6. Let q be l(22). Let y(r) = -2*r + 6. Let z be y(q). What is the highest common factor of z and 95?
19
Let f = 2004 + -1069. What is the highest common divisor of f and 170?
85
Let k be 2/12 + 161/42. What is the greatest common factor of k and 18?
2
Let z be -1*2*-1 - 83658/(-146). What is the greatest common divisor of 25 and z?
25
Suppose i + w - 2 = -0, 0 = -i + 2*w + 8. Suppose -m + 3 - 5 = a, -i*a - 3*m = 4. What is the greatest common divisor of a and 5?
1
Suppose 0 = 4*z + 2*u - 20, -2*u + 10 = 2*z. Suppose -z*b = 25, 2*f + 6*b - 11 = 3*b. Calculate the greatest common divisor of 169 and f.
13
Let f(a) = -a - 7. Let w be f(-9). Let b(t) = 3*t**2 + 2. Let q be b(w). Let y = 117 + 37. What is the highest common factor of q and y?
14
Let x be (640/1120)/((-1)/(-21)). Let k(a) = -2*a - 6. Let b be k(-5). Calculate the highest common divisor of b and x.
4
Let x be (-2)/3 + (-1356)/(-9). Suppose -x = -6*f + 270. What is the greatest common divisor of 28 and f?
14
Suppose 0 = 2*c - 7 + 1. Suppose 3*d = c*t + 18, -5*d + 0*t - 5 = 2*t. Let k = d + 11. Calculate the highest common divisor of k and 12.
12
Let r = -50 + 53. Suppose 34 = r*j - 2. What is the highest common divisor of 96 and j?
12
Suppose 8*m + 42 = 11*m. Let b = 26 + -18. Let x = m - b. What is the greatest common divisor of x and 2?
2
Let h be (-12)/14*4368/(-468). Calculate the greatest common divisor of 712 and h.
8
Let u = 3824 + -2537. What is the highest common factor of u and 99?
99
Let w = 27 - 22. Suppose -21 = -w*n + 3*k, 4*k + k - 5 = -5*n. Calculate the highest common divisor of 27 and n.
3
Let u be ((-24)/10)/(1/20). Let w = u - -123. Calculate the highest common factor of w and 30.
15
Let n = 199 - 190. What is the highest common divisor of 27 and n?
9
Let c = -88 + 11. Let t = c + 78. Let z(w) = -w**3 + 3*w**2 + 6*w - 1. Let j be z(4). Calculate the greatest common factor of j and t.
1
Let x be (5/((-15)/(-2)))/(2/6). Suppose -y - x*y - 18 = -t, -3*t + 54 = -5*y. Calculate the highest common divisor of 18 and t.
18
Let v be (-2)/(-4)*0/(-7). Suppose v = -6*j + j. Suppose -4*m + 6*m - 322 = j. What is the highest common divisor of m and 23?
23
Let j be 4/(-6) + (-6)/(-9). Suppose 3*s - 3 - 15 = j. Suppose -5*q = -4*f - 48, 19*q - 4*f = 18*q. Calculate the highest common factor of q and s.
6
Let q = 1032 - 948. What is the greatest common factor of 108 and q?
12
Suppose 24*c - 26*c = -48. Suppose 0 = -0*n - n + c. What is the greatest common divisor of 8 and n?
8
Suppose o = 488 - 467. Calculate the highest common factor of 1407 and o.
21
Let m(v) = v**3 + 33*v**2 + 87. Let g be m(-33). Calculate the highest common factor of g and 1827.
87
Let b = -135 - -197. Let a be (-1 - -3)*b/4. Suppose 5*u = 3*u + 3*c + a, -4*c = -u + 18. What is the greatest common factor of u and 35?
7
Let h(k) = k**3 - 2*k**2 - 46*k - 6. Let j be h(8). Calculate the highest common factor of 1810 and j.
10
Suppose -6*r + 31 = -5*r + v, -2*v + 31 = r. Suppose -2 = 3*i - 8. Suppose -i*l - 248 = -4*l. Calculate the greatest common divisor of l and r.
31
Suppose -32708 = -22*l - 15*l. What is the greatest common factor of 34 and l?
34
Let i(q) = q**3 - 17*q**2 + q - 18. Let n be i(17). Let d be (n/4*-39)/((-156)/(-832)). Calculate the greatest common factor of d and 26.
26
Suppose -9*k = -110 - 313. What is the highest common divisor of 799 and k?
47
Let j be 7 + (13 + -19)/(1/(-14)). Calculate the greatest common divisor of 28 and j.
7
Let m be (0 - 1)*15/(-5). Let z = 42 - 41. Calculate the greatest common factor of m and z.
1
Let j = 173 + -170. Let g(w) = w - w + 4 - w. Let l be g(3). Calculate the highest common factor of l and j.
1
Let c be 2 - (-2 + 4*-11). Let i = -325 + 331. What is the highest common divisor of c and i?
6
Suppose 65 = s + 58. Suppose -1277 = -s*l + 851. What is the greatest common divisor of 38 and l?
38
Let d = -4 - -49. Let k be (-34)/6*d/(-15). Let o be 1*(1 - (1 + -68)). What is the highest common factor of o and k?
17
Suppose -259 = -4*c